{"id":36,"date":"2020-03-31T17:00:47","date_gmt":"2020-03-31T17:00:47","guid":{"rendered":"https:\/\/xn--gailtaleralmkse-dlb.at\/?post_type=product&#038;p=36"},"modified":"2025-08-01T11:06:45","modified_gmt":"2025-08-01T11:06:45","slug":"gailtaler_almkaese","status":"publish","type":"product","link":"https:\/\/xn--gailtaleralmkse-dlb.at\/index.php\/product\/gailtaler_almkaese\/","title":{"rendered":"Gailtaler Almk\u00e4se g.U. von der Straniger-Alm"},"content":{"rendered":"<p><span style=\"display: inline !important; float: none; background-color: transparent; color: #3a3a3a; font-family: Helvetica,-apple-system,BlinkMacSystemFont,'Segoe UI',Roboto,Oxygen,Ubuntu,'Helvetica Neue',Arial,sans-serif,'Apple Color Emoji','Segoe UI Emoji','Segoe UI Symbol'; font-size: 14.86px; font-style: normal; font-variant: normal; font-weight: 400; letter-spacing: normal; line-height: 25.26px; orphans: 2; text-align: left; text-decoration: none; text-indent: 0px; text-shadow: none; text-transform: none; -webkit-text-stroke-width: 0px; white-space: normal; word-spacing: 0px;\">Der Gailtaler Almk\u00e4se g.U. von der <a href=\"http:\/\/www.straniger-alm.at\">Straniger Alm<\/a> wird hoch oben auf der Alm auf traditionelle Weise im Kupferkessel, \u00fcber einer Holzfeuerung hergestellt. Unser Gailtaler Almk\u00e4se ist ein Hartk\u00e4se, der aus bester Almrohmilch von Ziegen und K\u00fchen, die auf saftigen Almweiden grasen und verschiedene Kr\u00e4uter fressen, hergestellt wird. Durch die besondere Verarbeitung und Verwendung dieser besonderen Zutaten, wird der K\u00e4se zu einem w\u00fcrzigen Geschmackserlebnis.<\/span><\/p>\n<h6><strong>G\u00fctesiegel:<\/strong> gesch\u00fctzte Ursprungsbezeichnung<\/h6>\n","protected":false},"excerpt":{"rendered":"<p>Gailtaler Almk\u00e4se g.U. &#8211; sechs Monate gereifter Almhartk\u00e4se in Naturrinde nach uralter Tradition hergestellt.<br \/>\nRohmilch mind. 45% F.i.T. (90% Kuhmilch, 10% Ziegenmilch)<\/p>\n","protected":false},"featured_media":183,"comment_status":"open","ping_status":"closed","template":"","meta":[],"product_cat":[83,29],"product_tag":[30],"yoast_head":"<!-- This site is optimized with the Yoast SEO plugin v17.9 - https:\/\/yoast.com\/wordpress\/plugins\/seo\/ -->\n<title>Gailtaler Almk\u00e4se g.U. von der Straniger-Alm - Gailtaler Bergladen<\/title>\n<meta name=\"description\" content=\"Unser Gailtaler Almk\u00e4se g.U. von der Straniger Alm traditionell im Kupferkessel aus bester Almrohmilch von Ziegen und K\u00fchen hergestellt.\" \/>\n<meta name=\"robots\" content=\"index, follow, max-snippet:-1, max-image-preview:large, max-video-preview:-1\" \/>\n<link rel=\"canonical\" href=\"https:\/\/xn--gailtaleralmkse-dlb.at\/index.php\/product\/gailtaler_almkaese\/\" \/>\n<meta property=\"og:locale\" content=\"de_DE\" \/>\n<meta property=\"og:type\" content=\"article\" \/>\n<meta property=\"og:title\" content=\"Gailtaler Almk\u00e4se g.U. von der Straniger-Alm - Gailtaler Bergladen\" \/>\n<meta property=\"og:description\" content=\"Unser Gailtaler Almk\u00e4se g.U. von der Straniger Alm traditionell im Kupferkessel aus bester Almrohmilch von Ziegen und K\u00fchen hergestellt.\" \/>\n<meta property=\"og:url\" content=\"https:\/\/xn--gailtaleralmkse-dlb.at\/index.php\/product\/gailtaler_almkaese\/\" \/>\n<meta property=\"og:site_name\" content=\"Gailtaler Bergladen\" \/>\n<meta property=\"article:publisher\" content=\"https:\/\/www.facebook.com\/gailtaleralmkaese\" \/>\n<meta property=\"article:modified_time\" content=\"2025-08-01T11:06:45+00:00\" \/>\n<meta property=\"og:image\" content=\"https:\/\/xn--gailtaleralmkse-dlb.at\/wp-content\/uploads\/2020\/03\/gailtaleralmk\u00e4se_wei\u00df.jpg\" \/>\n\t<meta property=\"og:image:width\" content=\"1508\" \/>\n\t<meta property=\"og:image:height\" content=\"1181\" \/>\n\t<meta property=\"og:image:type\" content=\"image\/jpeg\" \/>\n<meta name=\"twitter:card\" content=\"summary_large_image\" \/>\n<meta name=\"twitter:site\" content=\"@FrondellAlm\" \/>\n<script type=\"application\/ld+json\" class=\"yoast-schema-graph\">{\"@context\":\"https:\/\/schema.org\",\"@graph\":[{\"@type\":\"Organization\",\"@id\":\"https:\/\/xn--gailtaleralmkse-dlb.at\/#organization\",\"name\":\"Gailtaler Almk\\u00e4se Onlineshop\",\"url\":\"https:\/\/xn--gailtaleralmkse-dlb.at\/\",\"sameAs\":[\"https:\/\/www.facebook.com\/gailtaleralmkaese\",\"https:\/\/www.instagram.com\/gailtaleralmkaese\/\",\"https:\/\/www.youtube.com\/user\/holtabua\",\"https:\/\/de.wikipedia.org\/wiki\/Straniger_Alm\",\"https:\/\/twitter.com\/FrondellAlm\"],\"logo\":{\"@type\":\"ImageObject\",\"@id\":\"https:\/\/xn--gailtaleralmkse-dlb.at\/#logo\",\"inLanguage\":\"de\",\"url\":\"https:\/\/xn--gailtaleralmkse-dlb.at\/wp-content\/uploads\/2020\/03\/LOGO-Kopie.png\",\"contentUrl\":\"https:\/\/xn--gailtaleralmkse-dlb.at\/wp-content\/uploads\/2020\/03\/LOGO-Kopie.png\",\"width\":2044,\"height\":888,\"caption\":\"Gailtaler Almk\\u00e4se Onlineshop\"},\"image\":{\"@id\":\"https:\/\/xn--gailtaleralmkse-dlb.at\/#logo\"}},{\"@type\":\"WebSite\",\"@id\":\"https:\/\/xn--gailtaleralmkse-dlb.at\/#website\",\"url\":\"https:\/\/xn--gailtaleralmkse-dlb.at\/\",\"name\":\"Gailtaler Almk\\u00e4se Onlineshop\",\"description\":\"Gutes vom Bauern\",\"publisher\":{\"@id\":\"https:\/\/xn--gailtaleralmkse-dlb.at\/#organization\"},\"potentialAction\":[{\"@type\":\"SearchAction\",\"target\":{\"@type\":\"EntryPoint\",\"urlTemplate\":\"https:\/\/xn--gailtaleralmkse-dlb.at\/?s={search_term_string}\"},\"query-input\":\"required name=search_term_string\"}],\"inLanguage\":\"de\"},{\"@type\":\"ImageObject\",\"@id\":\"https:\/\/xn--gailtaleralmkse-dlb.at\/index.php\/product\/gailtaler_almkaese\/#primaryimage\",\"inLanguage\":\"de\",\"url\":\"https:\/\/xn--gailtaleralmkse-dlb.at\/wp-content\/uploads\/2020\/03\/gailtaleralmk\\u00e4se_wei\\u00df.jpg\",\"contentUrl\":\"https:\/\/xn--gailtaleralmkse-dlb.at\/wp-content\/uploads\/2020\/03\/gailtaleralmk\\u00e4se_wei\\u00df.jpg\",\"width\":1508,\"height\":1181},{\"@type\":\"WebPage\",\"@id\":\"https:\/\/xn--gailtaleralmkse-dlb.at\/index.php\/product\/gailtaler_almkaese\/#webpage\",\"url\":\"https:\/\/xn--gailtaleralmkse-dlb.at\/index.php\/product\/gailtaler_almkaese\/\",\"name\":\"Gailtaler Almk\\u00e4se g.U. von der Straniger-Alm - Gailtaler Bergladen\",\"isPartOf\":{\"@id\":\"https:\/\/xn--gailtaleralmkse-dlb.at\/#website\"},\"primaryImageOfPage\":{\"@id\":\"https:\/\/xn--gailtaleralmkse-dlb.at\/index.php\/product\/gailtaler_almkaese\/#primaryimage\"},\"datePublished\":\"2020-03-31T17:00:47+00:00\",\"dateModified\":\"2025-08-01T11:06:45+00:00\",\"description\":\"Unser Gailtaler Almk\\u00e4se g.U. von der Straniger Alm traditionell im Kupferkessel aus bester Almrohmilch von Ziegen und K\\u00fchen hergestellt.\",\"breadcrumb\":{\"@id\":\"https:\/\/xn--gailtaleralmkse-dlb.at\/index.php\/product\/gailtaler_almkaese\/#breadcrumb\"},\"inLanguage\":\"de\",\"potentialAction\":[{\"@type\":\"ReadAction\",\"target\":[\"https:\/\/xn--gailtaleralmkse-dlb.at\/index.php\/product\/gailtaler_almkaese\/\"]}]},{\"@type\":\"BreadcrumbList\",\"@id\":\"https:\/\/xn--gailtaleralmkse-dlb.at\/index.php\/product\/gailtaler_almkaese\/#breadcrumb\",\"itemListElement\":[{\"@type\":\"ListItem\",\"position\":1,\"name\":\"Home\",\"item\":\"https:\/\/xn--gailtaleralmkse-dlb.at\/\"},{\"@type\":\"ListItem\",\"position\":2,\"name\":\"Shop\",\"item\":\"https:\/\/xn--gailtaleralmkse-dlb.at\/index.php\/shop\/\"},{\"@type\":\"ListItem\",\"position\":3,\"name\":\"Gailtaler Almk\\u00e4se g.U. von der Straniger-Alm\"}]}]}<\/script>\n<!-- \/ Yoast SEO plugin. -->","yoast_head_json":{"title":"Gailtaler Almk\u00e4se g.U. von der Straniger-Alm - Gailtaler Bergladen","description":"Unser Gailtaler Almk\u00e4se g.U. von der Straniger Alm traditionell im Kupferkessel aus bester Almrohmilch von Ziegen und K\u00fchen hergestellt.","robots":{"index":"index","follow":"follow","max-snippet":"max-snippet:-1","max-image-preview":"max-image-preview:large","max-video-preview":"max-video-preview:-1"},"canonical":"https:\/\/xn--gailtaleralmkse-dlb.at\/index.php\/product\/gailtaler_almkaese\/","og_locale":"de_DE","og_type":"article","og_title":"Gailtaler Almk\u00e4se g.U. von der Straniger-Alm - Gailtaler Bergladen","og_description":"Unser Gailtaler Almk\u00e4se g.U. von der Straniger Alm traditionell im Kupferkessel aus bester Almrohmilch von Ziegen und K\u00fchen hergestellt.","og_url":"https:\/\/xn--gailtaleralmkse-dlb.at\/index.php\/product\/gailtaler_almkaese\/","og_site_name":"Gailtaler Bergladen","article_publisher":"https:\/\/www.facebook.com\/gailtaleralmkaese","article_modified_time":"2025-08-01T11:06:45+00:00","og_image":[{"width":1508,"height":1181,"url":"https:\/\/xn--gailtaleralmkse-dlb.at\/wp-content\/uploads\/2020\/03\/gailtaleralmk\u00e4se_wei\u00df.jpg","type":"image\/jpeg"}],"twitter_card":"summary_large_image","twitter_site":"@FrondellAlm","schema":{"@context":"https:\/\/schema.org","@graph":[{"@type":"Organization","@id":"https:\/\/xn--gailtaleralmkse-dlb.at\/#organization","name":"Gailtaler Almk\u00e4se Onlineshop","url":"https:\/\/xn--gailtaleralmkse-dlb.at\/","sameAs":["https:\/\/www.facebook.com\/gailtaleralmkaese","https:\/\/www.instagram.com\/gailtaleralmkaese\/","https:\/\/www.youtube.com\/user\/holtabua","https:\/\/de.wikipedia.org\/wiki\/Straniger_Alm","https:\/\/twitter.com\/FrondellAlm"],"logo":{"@type":"ImageObject","@id":"https:\/\/xn--gailtaleralmkse-dlb.at\/#logo","inLanguage":"de","url":"https:\/\/xn--gailtaleralmkse-dlb.at\/wp-content\/uploads\/2020\/03\/LOGO-Kopie.png","contentUrl":"https:\/\/xn--gailtaleralmkse-dlb.at\/wp-content\/uploads\/2020\/03\/LOGO-Kopie.png","width":2044,"height":888,"caption":"Gailtaler Almk\u00e4se Onlineshop"},"image":{"@id":"https:\/\/xn--gailtaleralmkse-dlb.at\/#logo"}},{"@type":"WebSite","@id":"https:\/\/xn--gailtaleralmkse-dlb.at\/#website","url":"https:\/\/xn--gailtaleralmkse-dlb.at\/","name":"Gailtaler Almk\u00e4se Onlineshop","description":"Gutes vom Bauern","publisher":{"@id":"https:\/\/xn--gailtaleralmkse-dlb.at\/#organization"},"potentialAction":[{"@type":"SearchAction","target":{"@type":"EntryPoint","urlTemplate":"https:\/\/xn--gailtaleralmkse-dlb.at\/?s={search_term_string}"},"query-input":"required name=search_term_string"}],"inLanguage":"de"},{"@type":"ImageObject","@id":"https:\/\/xn--gailtaleralmkse-dlb.at\/index.php\/product\/gailtaler_almkaese\/#primaryimage","inLanguage":"de","url":"https:\/\/xn--gailtaleralmkse-dlb.at\/wp-content\/uploads\/2020\/03\/gailtaleralmk\u00e4se_wei\u00df.jpg","contentUrl":"https:\/\/xn--gailtaleralmkse-dlb.at\/wp-content\/uploads\/2020\/03\/gailtaleralmk\u00e4se_wei\u00df.jpg","width":1508,"height":1181},{"@type":"WebPage","@id":"https:\/\/xn--gailtaleralmkse-dlb.at\/index.php\/product\/gailtaler_almkaese\/#webpage","url":"https:\/\/xn--gailtaleralmkse-dlb.at\/index.php\/product\/gailtaler_almkaese\/","name":"Gailtaler Almk\u00e4se g.U. von der Straniger-Alm - Gailtaler Bergladen","isPartOf":{"@id":"https:\/\/xn--gailtaleralmkse-dlb.at\/#website"},"primaryImageOfPage":{"@id":"https:\/\/xn--gailtaleralmkse-dlb.at\/index.php\/product\/gailtaler_almkaese\/#primaryimage"},"datePublished":"2020-03-31T17:00:47+00:00","dateModified":"2025-08-01T11:06:45+00:00","description":"Unser Gailtaler Almk\u00e4se g.U. von der Straniger Alm traditionell im Kupferkessel aus bester Almrohmilch von Ziegen und K\u00fchen hergestellt.","breadcrumb":{"@id":"https:\/\/xn--gailtaleralmkse-dlb.at\/index.php\/product\/gailtaler_almkaese\/#breadcrumb"},"inLanguage":"de","potentialAction":[{"@type":"ReadAction","target":["https:\/\/xn--gailtaleralmkse-dlb.at\/index.php\/product\/gailtaler_almkaese\/"]}]},{"@type":"BreadcrumbList","@id":"https:\/\/xn--gailtaleralmkse-dlb.at\/index.php\/product\/gailtaler_almkaese\/#breadcrumb","itemListElement":[{"@type":"ListItem","position":1,"name":"Home","item":"https:\/\/xn--gailtaleralmkse-dlb.at\/"},{"@type":"ListItem","position":2,"name":"Shop","item":"https:\/\/xn--gailtaleralmkse-dlb.at\/index.php\/shop\/"},{"@type":"ListItem","position":3,"name":"Gailtaler Almk\u00e4se g.U. von der Straniger-Alm"}]}]}},"_links":{"self":[{"href":"https:\/\/xn--gailtaleralmkse-dlb.at\/index.php\/wp-json\/wp\/v2\/product\/36"}],"collection":[{"href":"https:\/\/xn--gailtaleralmkse-dlb.at\/index.php\/wp-json\/wp\/v2\/product"}],"about":[{"href":"https:\/\/xn--gailtaleralmkse-dlb.at\/index.php\/wp-json\/wp\/v2\/types\/product"}],"replies":[{"embeddable":true,"href":"https:\/\/xn--gailtaleralmkse-dlb.at\/index.php\/wp-json\/wp\/v2\/comments?post=36"}],"wp:featuredmedia":[{"embeddable":true,"href":"https:\/\/xn--gailtaleralmkse-dlb.at\/index.php\/wp-json\/wp\/v2\/media\/183"}],"wp:attachment":[{"href":"https:\/\/xn--gailtaleralmkse-dlb.at\/index.php\/wp-json\/wp\/v2\/media?parent=36"}],"wp:term":[{"taxonomy":"product_cat","embeddable":true,"href":"https:\/\/xn--gailtaleralmkse-dlb.at\/index.php\/wp-json\/wp\/v2\/product_cat?post=36"},{"taxonomy":"product_tag","embeddable":true,"href":"https:\/\/xn--gailtaleralmkse-dlb.at\/index.php\/wp-json\/wp\/v2\/product_tag?post=36"}],"curies":[{"name":"wp","href":"https:\/\/api.w.org\/{rel}","templated":true}]}}